se 3) to base 16
-8
What is -191 (base 13) in base 11?
-241
101010011 (base 2) to base 13
201
What is 11 (base 7) in base 6?
12
What is -193 (base 13) in base 9?
-351
1 (base 14) to base 15
1
What is 111 (base 2) in base 6?
11
What is -31 (base 4) in base 13?
-10
What is -1 (base 15) in base 3?
-1
What is -1010 (base 2) in base 3?
-101
Convert -322 (base 5) to base 8.
-127
What is 0 (base 14) in base 12?
0
What is -73 (base 8) in base 16?
-3b
211 (base 8) to base 16
89
What is 12 (base 9) in base 4?
23
What is -202 (base 11) in base 7?
-466
Convert 310 (base 7) to base 2.
10011010
Convert -51 (base 7) to base 12.
-30
What is -20 (base 5) in base 8?
-12
10 (base 2) to base 6
2
What is 5 (base 9) in base 4?
11
What is -3 (base 13) in base 14?
-3
What is 3 (base 13) in base 16?
3
What is 0 (base 4) in base 8?
0
Convert -1 (base 12) to base 15.
-1
What is 0 (base 2) in base 6?
0
Convert -125 (base 6) to base 8.
-65
What is -1 (base 15) in base 12?
-1
18a (base 11) to base 6
1003
What is 1 (base 10) in base 16?
1
What is 10 (base 3) in base 13?
3
What is -4 (base 14) in base 9?
-4
What is -13 (base 7) in base 11?
-a
What is -4b (base 13) in base 16?
-3f
Convert -121 (base 12) to base 8.
-251
Convert 2a (base 13) to base 6.
100
40 (base 5) to base 6
32
What is -11 (base 3) in base 5?
-4
19 (base 15) to base 5
44
Convert -4 (base 6) to base 16.
-4
8 (base 11) to base 8
10
-22 (base 4) to base 7
-13
Convert 11 (base 8) to base 15.
9
1 (base 8) to base 11
1
What is 32 (base 6) in base 11?
19
Convert -210 (base 3) to base 4.
-111
What is -110100 (base 2) in base 6?
-124
37 (base 8) to base 4
133
What is -3a (base 11) in base 8?
-53
Convert -4 (base 6) to base 11.
-4
204 (base 5) to base 8
66
Convert -2 (base 4) to base 7.
-2
What is -2 (base 5) in base 3?
-2
11 (base 2) to base 16
3
What is -2 (base 16) in base 6?
-2
What is -dc (base 14) in base 11?
-167
Convert 11111001 (base 2) to base 13.
162
-6 (base 7) to base 6
-10
Convert -12 (base 3) to base 6.
-5
1 (base 11) to base 2
1
Convert -204 (base 5) to base 11.
-4a
6 (base 8) to base 13
6
87 (base 14) to base 2
1110111
What is -204 (base 6) in base 10?
-76
What is -2100 (base 3) in base 5?
-223
52 (base 16) to base 12
6a
22 (base 14) to base 4
132
Convert 23 (base 7) to base 6.
25
Convert -8 (base 12) to base 2.
-1000
What is -3 (base 14) in base 7?
-3
What is -11 (base 4) in base 14?
-5
-1 (base 16) to base 5
-1
Convert -231 (base 7) to base 6.
-320
5 (base 15) to base 3
12
3 (base 11) to base 12
3
What is -56 (base 10) in base 11?
-51
What is -3 (base 6) in base 9?
-3
-1 (base 12) to base 6
-1
Convert -3 (base 12) to base 6.
-3
Convert -2232 (base 4) to base 14.
-c6
What is 6 (base 16) in base 2?
110
Convert cb (base 13) to base 5.
1132
What is -453 (base 6) in base 13?
-108
Convert -1 (base 10) to base 8.
-1
What is 45 (base 12) in base 13?
41
3 (base 4) to base 13
3
What is 74 (base 10) in base 9?
82
What is 133 (base 8) in base 11?
83
Convert 226 (base 7) to base 12.
9a
Convert 27 (base 9) to base 15.
1a
Convert 2010 (base 3) to base 15.
3c
Convert -10 (base 13) to base 16.
-d
What is -33 (base 9) in base 5?
-110
Convert e (base 16) to base 12.
12
-b (base 16) to base 10
-11
53 (base 16) to base 11
76
What is -31 (base 4) in base 11?
-12
What is -77 (base 10) in base 9?
-85
-82 (base 10) to base 16
-52
-2e (base 16) to base 7
-64
What is 2 (base 5) in base 4?
2
Convert 6 (base 8) to base 7.
6
Convert 12 (base 8) to base 2.
1010
-85 (base 10) to base 6
-221
111 (base 3) to base 11
12
Convert -311 (base 5) to base 9.
-100
What is -164 (base 8) in base 12?
-98
Convert 13 (base 10) to base 8.
15
What is 2 (base 12) in base 4?
2
What is 1350 (base 6) in base 2?
101100010
What is -6 (base 15) in base 6?
-10
Convert 10101100 (base 2) to base 4.
2230
Convert 12 (base 4) to base 12.
6
Convert 21 (base 8) to base 3.
122
Convert 3 (base 12) to base 3.
10
Convert 121 (base 3) to base 13.
13
What is -143 (base 9) in base 14?
-88
Convert -4 (base 13) to base 11.
-4
Convert -12 (base 4) to base 11.
-6
What is -3 (base 5) in base 2?
-11
What is -30 (base 15) in base 13?
-36
6 (base 16) to base 13
6
Convert -2 (base 8) to base 2.
-10
-1224 (base 6) to base 4
-10300
Convert -211 (base 9) to base 8.
-254
4 (base 11) to base 10
4
Convert -14 (base 12) to base 6.
-24
Convert 0 (base 10) to base 2.
0
What is -43 (base 8) in base 12?
-2b
Convert 11111 (base 2) to base 13.
25
What is 3 (base 7) in base 2?
11
What is 111 (base 3) in base 13?
10
Convert 11 (base 3) to base 4.
10
Convert 0 (base 3) to base 12.
0
Convert 2 (base 5) to base 12.
2
Convert -1 (base 6) to base 11.
-1
-4 (base 11) to base 12
-4
What is 1 (base 6) in base 10?
1
What is -109 (base 12) in base 11?
-12a
0 (base 16) to base 11
0
Convert 3 (base 11) to base 10.
3
Convert 0 (base 11) to base 14.
0
What is -22 (base 3) in base 12?
-8
What is 15 (base 8) in base 11?
12
Convert 110 (base 2) to base 6.
10
What is 2 (base 4) in base 16?
2
0 (base 12) to base 4
0
23 (base 7) to base 16
11
Convert 5 (base 7) to base 4.
11
3 (base 4) to base 11
3
-4 (base 12) to base 3
-11
What is 12 (base 4) in base 8?
6
Convert -11 (base 2) to base 14.
-3
Convert 0 (base 15) to base 4.
0
3 (base 16) to base 8
3
What is -2b (base 12) in base 5?
-120
What is c1 (base 13) in base 11?
133
-81 (base 12) to base 14
-6d
Convert -12 (base 7) to base 6.
-13
What is 35 (base 12) in base 7?
56
What is -41 (base 10) in base 9?
-45
-3 (base 5) to base 10
-3
2 (base 6) to base 5
2
What is 120 (base 8) in base 16?
50
16 (base 10) to base 11
15
Convert -73 (base 12) to base 14.
-63
Convert -71 (base 12) to base 4.
-1111
0 (base 12) to base 13
0
-24 (base 12) to base 8
-34
What is -13 (base 7) in base 5?
-20
Convert 41 (base 13) to base 16.
35
What is 305 (base 6) in base 3?
11012
Convert -1 (base 4) to base 12.
-1
What is 2 (base 3) in base 14?
2
What is -13 (base 4) in base 5?
-12
Convert 32 (base 7) to base 2.
10111
5 (base 13) to base 12
5
What is 1 (base 14) in base 11?
1
-6 (base 14) to base 2
-110
Convert -10 (base 5) to base 13.
-5
1c (base 13) to base 11
23
What is 27 (base 16) in base 4?
213
-3113 (base 4) to base 11
-186
What is -12 (base 7) in base 2?
-1001
What is 3 (base 15) in base 5?
3
What is -5 (base 8) in base 14?
-5
2 (base 15) to base 16
2
What is -74 (base 8) in base 6?
-140
What is 21 (base 16) in base 13?
27
What is 3 (base 9) in base 10?
3
Convert 5 (base 14) to base 3.
12
What is 42 (base 13) in base 11?
4a
Convert -5 (base 14) to base 12.
-5
What is 4 (base 10) in base 11?
4
-7 (base 14) to base 15
-7
Convert 52 (base 14) to base 8.
110
5 (base 8) to base 9
5
Convert 1 (base 7) to base 15.
1
What is -ba (base 13) in base 14?
-ad
Convert 1 (base 9) to base 12.
1
70 (base 14) to base 15
68
-5 (base 13) to base 7
-5
-12 (base 8) to base 9
-11
-11b (base 12) to base 11
-142
8 (base 10) to base 13
8
Convert -5 (base 14) to base 8.
-5
101110101 (base 2) to base 15
19d
20 (base 3) to base 5
11
31 (base 4) to base 9
14
Convert 70 (base 12) to base 14.
60
Convert 6 (base 8) to base 10.
6
Convert 171 (base 8) to base 10.
121
What is 41 (base 6) in base 11?
23
What is 2 (base 16) in base 7?
2
Convert 142 (base 12) to base 11.
167
What is -70 (base 8) in base 5?
-211
Convert -36 (base 11) to base 6.
-103
5 (base 16) to base 11
5
Convert -119 (base 11) to base 16.
-8d
-7 (base 15) to base 9
-7
Convert 2230 (base 4) to base 8.
254
What is -1122 (base 3) in base 15?
-2e
Convert 44 (base 7) to base 8.
40
-12 (base 5) to base 11
-7
What is 0 (base 3) in base 5?
0
96 (base 10) to base 8
140
Convert -101 (base 3) to base 8.
-12
What is 27 (base 13) in base 3?
1020
What is -1121 (base 4) in base 16?
-59
23 (base 11) to base 5
100
-58 (base 16) to base 13
-6a
25 (base 11) to base 15
1c
-4 (base 11) to base 14
-4
-46 (base 7) to base 14
-26
What is 10111011 (base 2) in base 15?
c7
Convert -5 (base 16) to base 14.
-5
Convert -4 (base 6) to base 9.
-4
Convert 2 (base 6) to base 12.
2
What is 3 (base 11) in base 8?
3
Convert -21 (base 5) to base 12.
-b
What is -2 (base 12) in base 10?
-2
Convert -11111110 (base 2) to base 4.
-3332
What is 3 (base 15) in base 9?
3
-58 (base 10) to base 15
-3d
49 (base 11) to base 2
110101
Convert -1 (base 16) to base 15.
-1
What is -2210 (base 3) in ba